42
In base 14, what is -104 - 157?
-25b
In base 6, what is 152110 - 4?
152102
In base 4, what is -311 + -2120132?
-2121103
In base 14, what is 96b - -14?
981
In base 9, what is -4 + -28104?
-28108
In base 7, what is 113 + 344?
460
In base 11, what is -20 - 939?
-959
In base 16, what is 7 - f92?
-f8b
In base 5, what is -2 + 133224?
133222
In base 7, what is -26116 + 6?
-26110
In base 6, what is 1132 + -5322?
-4150
In base 11, what is 4 + -5557?
-5553
In base 16, what is 4a89 - 0?
4a89
In base 4, what is 10 + -22212220?
-22212210
In base 10, what is -250 - 113?
-363
In base 15, what is -3 - -4027?
4024
In base 15, what is -8 + 44b2?
44a9
In base 14, what is 44987 - -2?
44989
In base 3, what is -10 + 21102121120?
21102121110
In base 12, what is 7021 - 27?
6bb6
In base 7, what is -166 + 36105?
35606
In base 9, what is 5 - -4433?
4438
In base 12, what is -8 - -324a0?
32494
In base 4, what is 303122011 - 2?
303122003
In base 11, what is -4 + -145963?
-145967
In base 5, what is 14034422 + -10?
14034412
In base 8, what is -5 - 617445?
-617452
In base 13, what is 142a2 - -3?
142a5
In base 4, what is 0 - 202111320?
-202111320
In base 7, what is -42 + 305125?
305053
In base 7, what is 2 + 256230?
256232
In base 7, what is 202 + -2415?
-2213
In base 5, what is -11304 + -131322?
-143131
In base 7, what is -5062 - -6354?
1262
In base 6, what is 0 - -12051041?
12051041
In base 10, what is 3543 - 11?
3532
In base 7, what is 1 - -501?
502
In base 9, what is -5 + -316446?
-316452
In base 15, what is -5 - 47e7?
-47ec
In base 9, what is 55438 - 16?
55422
In base 3, what is 1100 + 1020212022?
1020220122
In base 16, what is -9543 - 1a?
-955d
In base 5, what is -2 - -413010320?
413010313
In base 14, what is -26a21 - 6?
-26a27
In base 14, what is -20 + 175?
155
In base 13, what is 13917 + 1c?
13936
In base 9, what is 18058 - 1?
18057
In base 5, what is -24102 + -2?
-24104
In base 4, what is -312 - 3113223?
-3120201
In base 6, what is 1545 - -113501?
115450
In base 2, what is -1 - -100010101000100?
100010101000011
In base 9, what is -13 + 17256?
17243
In base 10, what is 4583 - -418?
5001
In base 10, what is -68398 + -3?
-68401
In base 11, what is 0 - -19a6?
19a6
In base 6, what is -13 - -433432?
433415
In base 15, what is -4 - 14a6?
-14aa
In base 12, what is 302 + 373?
675
In base 15, what is -2c + 4393?
4366
In base 4, what is 10 + -1022110?
-1022100
In base 15, what is -568ec + 4?
-568e8
In base 6, what is 144135 - 425?
143310
In base 6, what is -1525325 + 2?
-1525323
In base 2, what is -1011110001110101001 - -100?
-1011110001110100101
In base 12, what is -426a + a?
-4260
In base 15, what is -2 - -3603?
3601
In base 13, what is -4 - -7b10?
7b09
In base 12, what is 127374 - 0?
127374
In base 12, what is 6656 + -205?
6451
In base 3, what is 11 + 220211222212?
220212000000
In base 15, what is -d2920 + -5?
-d2925
In base 6, what is 5 - -1245151?
1245200
In base 13, what is 14b98 - 1?
14b97
In base 15, what is 3d + -419?
-3cb
In base 11, what is 3 + 18893?
18896
In base 7, what is -104415 - 3?
-104421
In base 5, what is -230 + -14241?
-20021
In base 2, what is 111000101011 + -101?
111000100110
In base 6, what is -20513 - 2140?
-23053
In base 13, what is 1 - -740c?
7410
In base 16, what is -27 + -3a0?
-3c7
In base 13, what is 33395 + 8?
333a0
In base 4, what is 3 + -202331313?
-202331310
In base 7, what is -114 - -234054?
233640
In base 13, what is -5 - 2036?
-203b
In base 4, what is 10002 + 1001?
11003
In base 7, what is -13 + 2261344?
2261331
In base 8, what is -7 + -13027?
-13036
In base 6, what is -132 - -304245?
304113
In base 7, what is -3613 + -155?
-4101
In base 4, what is -32020200 + -2?
-32020202
In base 13, what is -8461 - -22?
-843c
In base 4, what is -2303 - 2311?
-11220
In base 4, what is -13 + -31031221?
-31031300
In base 2, what is 110011110001 - 1000111010?
101010110111
In base 5, what is 14 - -1303342?
1303411
In base 3, what is 20 - -1202200202?
1202200222
In base 13, what is -13 - -22?
c
In base 14, what is 5b82 + d0?
5c72
In base 12, what is -2b260 - -19?
-2b243
In base 3, what is -201 + -200202221?
-200210122
In base 14, what is 6 + -480?
-478
In base 6, what is 21 - 100303?
-100242
In base 15, what is 15 + 7b1?
7c6
In base 9, what is -16 - -3366?
3350
In base 9, what is 30 - -3057?
3087
In base 14, what is -2a - c95?
-cc1
In base 15, what is -b + 2d0?
2c4
In base 13, what is -9a203 + -1?
-9a204
In base 8, what is -3316 - 11?
-3327
In base 11, what is 596586 + 5?
596590
In base 12, what is -57987 - -4?
-57983
In base 13, what is -1c54c + -51?
-1c5a0
In base 2, what is 101101101100 + 1?
101101101101
In base 12, what is 50129 - -1?
5012a
In base 7, what is 100023 - 3?
100020
In base 12, what is -1 + -869?
-86a
In base 15, what is -236e + -8?
-2377
In base 16, what is -1e98 + -1?
-1e99
In base 6, what is 440 + -435?
1
In base 9, what is 1401000 - 3?
1400886
In base 7, what is -32326 + -601?
-33230
In base 10, what is -80001 - 2?
-80003
In base 14, what is cca0b + 6?
cca13
In base 6, what is 23401413 - -2?
23401415
In base 5, what is 3323 + -213?
3110
In base 4, what is -11211221330 + -1?
-11211221331
In base 15, what is 4 - 10dd?
-10d9
In base 11, what is 432a3 - -7?
432aa
In base 4, what is -12120001 + -11?
-12120012
In base 8, what is 1 - -17452?
17453
In base 6, what is 23 - 31245?
-31222
In base 10, what is -3 - -2514?
2511
In base 7, what is -52205 + 151?
-52024
In base 3, what is 22111002002 + 11?
22111002020
In base 16, what is 48e + -6?
488
In base 2, what is -11011001001100 + 1?
-11011001001011
In base 4, what is -2 - 232011032?
-232011100
In base 9, what is 44 + 2462?
2516
In base 14, what is 1b8d66 + -5?
1b8d61
In base 3, what is -120220 + -110112?
-1001102
In base 15, what is -24 - -9a?
76
In base 14, what is 88475 + 0?
88475
In base 16, what is bb + 5ed?
6a8
In base 4, what is -12220 + -3133033?
-3211313
In base 4, what is 102212 + 322?
103200
In base 2, what is -1001101101000 + -1011?
-1001101110011
In base 11, what is 1520 + -474?
1057
In base 3, what is 12021102 - -10110?
12101212
In base 2, what is 11 - -111011010110?
111011011001
In base 15, what is -117 - -78?
-8e
In base 9, what is -154 + 211?
46
In base 5, what is -2404 - 104233?
-112142
In base 3, what is 10 - -120012122?
120012202
In base 15, what is -4 - -b15a?
b156
In base 4, what is 10313 - 121132?
-110213
In base 16, what is -5 - 377c?
-3781
In base 11, what is 350a + 363?
3872
In base 14, what is -17 - -b86?
b6d
In base 2, what is 1001010001 - -110111?
1010001000
In base 12, what is -6 - -10a683?
10a679
In base 9, what is 471160 - -13?
471173
In base 13, what is -14189c - 3?
-1418a2
In base 11, what is 447 + -460?
-14
In base 2, what is 11010 + -100111111000?
-100111011110
In base 14, what is -1 + -592c7?
-592c8
In base 10, what is 341235 - 3?
341232
In base 8, what is 6447 - -1070?
7537
In base 14, what is 3 + -26da9a?
-26da97
In base 7, what is -121335 + -12?
-121350
In base 15, what is -3 - 34c5c?
-34c60
In base 11, what is 6 - 5a411?
-5a406
In base 6, what is -15243245 + -5?
-15243254
In base 2, what is -1001100 - -100111100001?
100110010101
In base 7, what is -1230 + 206?
-1021
In base 6, what is 11155 + -3?
11152
In base 8, what is -2 + -550761?
-550763
In base 4, what is 32131231 + -1?
32131230
In base 3, what is -1000 - 2100202200?
-2100210200
In base 6, what is 1 + 111003?
111004
In base 14, what is -361 + 12?
-34d
In base 11, what is 8825 - -32?
8857
In base 12, what is -2752 + 1?
-2751
In base 10, what is -4 - 30308?
-30312
In base 15, what is -350511 - 0?
-350511
In base 2, what is -101111001 - -11011101?
-10011100
In base 11, what is -5 + -28483?
-28488
In base 6, what is 43 - 1042312?
-1042225
In base 10, what is 3 + 2696?
2699
In base 16, what is -24 + -26a93?
-26ab7
In base 12, what is -297 - 927?
-1002
In base 13, what is 4b - 3371?
-3323
In base 4, what is -3101300 + 21?
-3101213
In base 3, what is 112200121 - 0?
112200121
In base 3, what is 10022 + 2201002?
2211101
In base 3, what is 212011 + 1011221?
2001002
In base 15, what is 1 + e0b?
e0c
In base 11, what is 8a1798 - 0?
8a1798
In base 2, what is 10100010011011110011001 + 1?
10100010011011110011010
In base 8, what is 5303 - 61?
5222
In base 6, what is 304551 + 2?
304553
In base 16, what is -19e0 - d